{"id":979,"date":"2022-12-29T18:18:43","date_gmt":"2022-12-29T17:18:43","guid":{"rendered":"https:\/\/nikias-imhoof.ch\/?post_type=tribe_events&#038;p=979"},"modified":"2022-12-29T18:18:43","modified_gmt":"2022-12-29T17:18:43","slug":"ensemble-voyageur-with-ileana-munoz-analix","status":"publish","type":"tribe_events","link":"https:\/\/nikias-imhoof.ch\/index.php\/event\/ensemble-voyageur-with-ileana-munoz-analix\/","title":{"rendered":"Ensemble Voyageur with Ileana Mu\u00f1oz @Analix"},"content":{"rendered":"<p>Musique fran\u00e7aise et sud-am\u00e9ricaine avec:<\/p>\n<p>F. Poulenc, Banalit\u00e9s<br \/>\nC.J. Mabarak, Tres Poemas de Jorge Gonz\u00e1lez Dur\u00e1n<br \/>\nC. Debussy, La Puerta del Vino<br \/>\nF. Mompau, Quatro canciones<br \/>\nC. Debussy, Trois chansons de Bilitis<!--more--><!--more--><\/p>\n","protected":false},"excerpt":{"rendered":"<p>Musique fran\u00e7aise et sud-am\u00e9ricaine avec: F. Poulenc, Banalit\u00e9s C.J. Mabarak, Tres Poemas de Jorge Gonz\u00e1lez Dur\u00e1n C. Debussy, La Puerta del Vino F. Mompau, Quatro canciones C. Debussy, Trois chansons &hellip;<\/p>\n<p class=\"read-more\"> <a class=\"\" href=\"https:\/\/nikias-imhoof.ch\/index.php\/event\/ensemble-voyageur-with-ileana-munoz-analix\/\"> <span class=\"screen-reader-text\">Ensemble Voyageur with Ileana Mu\u00f1oz @Analix<\/span> Lire la suite\u00a0\u00bb<\/a><\/p>\n","protected":false},"author":1,"featured_media":0,"comment_status":"open","ping_status":"closed","template":"","meta":{"site-sidebar-layout":"default","site-content-layout":"default","ast-global-header-display":"","ast-main-header-display":"","ast-hfb-above-header-display":"","ast-hfb-below-header-display":"","ast-hfb-mobile-header-display":"","site-post-title":"","ast-breadcrumbs-content":"","ast-featured-img":"","footer-sml-layout":"","theme-transparent-header-meta":"default","adv-header-id-meta":"","stick-header-meta":"","header-above-stick-meta":"","header-main-stick-meta":"","header-below-stick-meta":"","_tribe_events_status":"","_tribe_events_status_reason":"","footnotes":""},"tags":[],"tribe_events_cat":[4],"class_list":["post-979","tribe_events","type-tribe_events","status-publish","hentry","tribe_events_cat-concert","cat_concert"],"_links":{"self":[{"href":"https:\/\/nikias-imhoof.ch\/index.php\/wp-json\/wp\/v2\/tribe_events\/979","targetHints":{"allow":["GET"]}}],"collection":[{"href":"https:\/\/nikias-imhoof.ch\/index.php\/wp-json\/wp\/v2\/tribe_events"}],"about":[{"href":"https:\/\/nikias-imhoof.ch\/index.php\/wp-json\/wp\/v2\/types\/tribe_events"}],"author":[{"embeddable":true,"href":"https:\/\/nikias-imhoof.ch\/index.php\/wp-json\/wp\/v2\/users\/1"}],"replies":[{"embeddable":true,"href":"https:\/\/nikias-imhoof.ch\/index.php\/wp-json\/wp\/v2\/comments?post=979"}],"version-history":[{"count":1,"href":"https:\/\/nikias-imhoof.ch\/index.php\/wp-json\/wp\/v2\/tribe_events\/979\/revisions"}],"predecessor-version":[{"id":981,"href":"https:\/\/nikias-imhoof.ch\/index.php\/wp-json\/wp\/v2\/tribe_events\/979\/revisions\/981"}],"wp:attachment":[{"href":"https:\/\/nikias-imhoof.ch\/index.php\/wp-json\/wp\/v2\/media?parent=979"}],"wp:term":[{"taxonomy":"post_tag","embeddable":true,"href":"https:\/\/nikias-imhoof.ch\/index.php\/wp-json\/wp\/v2\/tags?post=979"},{"taxonomy":"tribe_events_cat","embeddable":true,"href":"https:\/\/nikias-imhoof.ch\/index.php\/wp-json\/wp\/v2\/tribe_events_cat?post=979"}],"curies":[{"name":"wp","href":"https:\/\/api.w.org\/{rel}","templated":true}]}}

Ensemble Voyageur with Ileana Muñoz @Analix

<p>Musique française et sud-américaine avec:</p>
<p>F. Poulenc, Banalités<br />
C.J. Mabarak, Tres Poemas de Jorge González Durán<br />
C. Debussy, La Puerta del Vino<br />
F. Mompau, Quatro canciones<br />
C. Debussy, Trois chansons de Bilitis<!--more--><!--more--></p>

<p>Musique française et sud-américaine avec: F. Poulenc, Banalités C.J. Mabarak, Tres Poemas de Jorge González Durán C. Debussy, La Puerta del Vino F. Mompau, Quatro canciones C. Debussy, Trois chansons &hellip;</p>
<p class="read-more"> <a class="" href="https://nikias-imhoof.ch/index.php/event/ensemble-voyageur-with-ileana-munoz-analix/"> <span class="screen-reader-text">Ensemble Voyageur with Ileana Muñoz @Analix</span> Lire la suite »</a></p>
